of u(-7).
5, 11
Suppose -15*s + 19*s - 2544 = 0. List the prime factors of s.
2, 3, 53
Suppose -2*c = 8, -2*x + 4*c + 106 = x. Let m be (1 + 6)*x/35. List the prime factors of (m/(-4))/(2/(-4)).
3
Suppose -4*y + 16 + 1709 = -5*g, 5*y = g + 2172. Let f = y - 227. What are the prime factors of f?
2, 13
Let r = -478 - -1010. List the prime factors of r.
2, 7, 19
Let o(h) = 962*h**2 - 5*h + 3. Let c be o(1). Suppose 5*b - 945 = 4*u, 2*b + c = 7*b - u. List the prime factors of b.
193
Suppose 39*c = 35*c + 64. Suppose -7*p + c*p = 459. What are the prime factors of p?
3, 17
Let q be (0/2*-1)/1. Let i be (84 + -54)*-1*1/(-3). Let c = q + i. What are the prime factors of c?
2, 5
Let i(l) = l + 7. Let f be i(-5). Suppose -2*o - 2*o + 4*m = -36, f*m - 24 = -4*o. Suppose -d - 5*r = o - 29, -5*d + 14 = r. List the prime factors of d.
2
Let s = 17 - 28. Let r = s - -6. List the prime factors of 2/r + (-141)/(-15).
3
Suppose 96370 = -34*p + 57*p. List the prime factors of p.
2, 5, 419
Suppose -3*g = 15, -5*p - 2*g + 2659 + 876 = 0. What are the prime factors of p?
709
Let z be 1/(-3*(-3)/18). Suppose -w + 6*u = u - 12, 5*w - 6 = -z*u. Suppose -5*r - w*c + 5*c = -97, 5*c = 5*r - 95. List the prime factors of r.
2, 5
Suppose 3*v = -3*d + 18, d - 1 = 2. What are the prime factors of v + -3 + 58 - -3?
61
Let b be (0 + 6)/(20/130). Suppose 2*t + 5*n = -38, 2*t = -2*n + 7 - b. What are the prime factors of 1*t*-4 + 0?
2, 7
Let f = 1865 - 863. What are the prime factors of f?
2, 3, 167
Let f = -16 + 26. Suppose 290 = -5*p + f*p. What are the prime factors of 1/(-3 - p/(-19))?
19
Suppose 12 = -0*s + 3*s. Let v = -43 + 46. Suppose -v = -s*q + 13. List the prime factors of q.
2
Let r(n) = -n**3 + 9*n**2 + 6*n + 15. Let c = -27 + 36. List the prime factors of r(c).
3, 23
Let y(m) = -m**3 - 6*m**2 - 5*m + 1. Let i be y(-5). Suppose -2*n = q - 141, 19 + i = 4*q. List the prime factors of n.
2, 17
Suppose 6*n - 75 = n. Suppose x = n + 115. What are the prime factors of x?
2, 5, 13
Let d = 9312 + -6225. What are the prime factors of d?
3, 7
Suppose 0 = -2*g - 4*z - 20, g + z + 5 = -0*g. Suppose g = -3*k + 6*k + 18. Let j(t) = -t**3 - 6*t**2 - 5*t + 1. List the prime factors of j(k).
31
Let k be 0/((-12)/(-3) - 2). Suppose 3*a - 5*m - 100 = k, a - 5*m = 45 + 5. What are the prime factors of a?
5
Let i be -6*(0 - (1 + -2)). List the prime factors of (261/6)/(i/(-8)).
2, 29
Let b = -11662 + 17110. List the prime factors of b.
2, 3, 227
Let q(r) = -2*r**2 + 2*r + 9. Let b be q(0). Suppose 4*z - b*z = -155. What are the prime factors of z?
31
Let u be ((-36)/(-9))/((-4)/86). Let v = u - -169. Suppose v = 5*q - 5*i + 2*i, -4*q = 4*i - 60. List the prime factors of q.
2
Let p(a) = a**2 + 15*a + 17. What are the prime factors of p(8)?
3, 67
Suppose -4*x + 1780 = 2*c, 3*c + 8*x - 2682 = 6*x. List the prime factors of c.
2, 7
Suppose l - 4*s + 17 = 0, -3*l = -0*l - 2*s + 1. Suppose -z - 440 = -l*z. What are the prime factors of z?
2, 5, 11
Let x(j) = 16*j - 13. Let s be x(5). Let z = s + 116. List the prime factors of z.
3, 61
Let d = 20 - 11. Suppose b = 5*f + 57, -5*b = -0*f - 2*f - d. List the prime factors of (2 - f) + -2 + 0.
2, 3
Suppose 12550 = -79*m + 89*m. List the prime factors of m.
5, 251
Suppose 2*i = -i + 12. Suppose -2*m + i = -12. Suppose 0 = -3*s - 6*p + m*p + 214, -4*s - 5*p = -293. List the prime factors of s.
2, 3
Let q = -4 + 6. Let a(c) = 8*c + 0*c**2 + c**q - 7 + 3 + 3. What are the prime factors of a(-9)?
2
Let d(c) = -3*c + 7. Let k be d(2). List the prime factors of 4/(-8)*-226*k.
113
Suppose 6*m + 1746 = 24*m. What are the prime factors of m?
97
Suppose -l - 3 = 4*v + 10, -5*v = -l + 23. Let w be -1 + 0 - 22/(-2). What are the prime factors of (-8)/(-5) - v/w?
2
Let w(h) = 4*h - 11. Let l be w(2). List the prime factors of ((-4)/l)/(12/2313).
257
Suppose 7*h - 398 = 8. Let n = h - 49. What are the prime factors of n?
3
Suppose 8*w + 8310 = 4*q + 6*w, 2*q = -5*w + 4149. What are the prime factors of q?
31, 67
Let p(c) = -14*c + 17. Let g = 12 - 18. Let s be p(g). Let k = s - 45. What are the prime factors of k?
2, 7
Suppose 0*c + 13013 = 7*c. What are the prime factors of c?
11, 13
Suppose 6*v - 1116 - 396 = 0. List the prime factors of v.
2, 3, 7
Suppose -9*l + 7*l = -1228. What are the prime factors of l?
2, 307
Suppose -8*m = -m + 70. What are the prime factors of 8/20 + (-586)/m?
59
Let z = 2212 + -1446. List the prime factors of z.
2, 383
Let r(n) = 62*n + 186. What are the prime factors of r(8)?
2, 11, 31
Let s be 3/9*3/(-1). List the prime factors of (0 - (-1 + 1 - s))*-182.
2, 7, 13
Suppose 4*t - 999 = -l, 0 = 4*t + 3*l - 869 - 128. List the prime factors of t.
2, 5
Suppose -5*s - 4*t = -4360, 12*t - 3482 = -4*s + 10*t. List the prime factors of s.
2, 7, 31
Suppose 5*y - 21 = m + m, 4 = -3*m + 2*y. Suppose -4*f + 2*j + 286 = -3*j, 146 = m*f - 4*j. What are the prime factors of f?
3, 23
Let z(o) = 3*o + 6*o + o**3 + 12*o**2 + 0*o + 2 + 2. What are the prime factors of z(-10)?
2, 3, 19
Let f = 176 + -150. Let g(h) = 7*h**3 - 2*h**2 + 2. Let o be g(2). Let u = o - f. What are the prime factors of u?
2, 3
List the prime factors of -1*(-6 + 10 - 4861) + -7.
2, 5, 97
Let y(o) = o**3 + 8*o**2 - 6*o + 6. Let g be y(-7). Let r = -1 + g. List the prime factors of r.
2, 3
Let v(f) = 3*f - 4. Let h be v(3). Suppose 4*u = h*d - 127, 4*u + 14 = 2. Suppose -q = x + 2*q - d, 0 = -2*x - 4*q + 52. List the prime factors of x.
2
Let i(w) = -w**3 + 26*w**2 + 29*w - 6. Let x be 29 + (-2 - 2)/4 + -1. List the prime factors of i(x).
2, 3
Let y = 4671 + -2251. List the prime factors of y.
2, 5, 11
Let l(m) be the first derivative of m**2 + 70*m + 3. Let t be l(0). Suppose 4*f + 0*o + o = 74, -4*f + o = -t. What are the prime factors of f?
2, 3
Suppose -10*b + 2043 = 2*s - 5*b, 2*s + 3*b = 2053. What are the prime factors of s?
2, 11, 47
Let n = 347 - 110. Let q = n + -74. List the prime factors of q.
163
Suppose -2*w + 16 = 38. Let k be 1/((w/144)/(-11)). Suppose -n - 3*n + k = 0. List the prime factors of n.
2, 3
List the prime factors of 2298*(80/(-24))/(-5).
2, 383
Suppose 90 - 293 = -4*m + y, -2*m - 5*y = -85. Let k = m - 24. What are the prime factors of k?
2, 13
Suppose -2*o + c = -c - 1532, 4*c + 4 = 0. List the prime factors of o.
3, 5, 17
Let v = 49 + -46. Suppose v*q - 112 = 152. What are the prime factors of q?
2, 11
Let o be 1 - 3/((-6)/82). Let x be (-72)/o*(-98)/4. Suppose 0 = l - 5*r - x, 3*r + 0*r + 90 = 3*l. What are the prime factors of l?
3
Suppose 0 = -3*z - 1 - 5. Let v(j) = -57*j - 2. What are the prime factors of v(z)?
2, 7
Suppose 0 = 4*z + z. Suppose 4*c + 65 = o, c + z = -3. List the prime factors of o.
53
Let k be (5/(-2))/((-1)/(-6)). Let s(b) = -6*b**2 + 1. Let z be s(1). Let o = z - k. List the prime factors of o.
2, 5
Let g be (3 + -1 - -2) + -29. Let k = -19 - g. Suppose -k*z + 274 = -z + x, z - 2*x = 46. List the prime factors of z.
2, 3
Let a be (-3303)/(-45) - 4/10. Suppose -a = -y + 3*p, -5*y + 0*p + 353 = -3*p. What are the prime factors of y?
2, 5, 7
Suppose 0 = r - 10*r + 1494. What are the prime factors of r?
2, 83
Suppose 39*n - 18*n - 15099 = 0. List the prime factors of n.
719
Suppose z + 510 = 3*z. List the prime factors of z.
3, 5, 17
Suppose -3*y + 891 = -4*n - 81, 0 = 5*n. What are the prime factors of y?
2, 3
Let a(z) = 6*z + 22. Let y be a(-6). Let h = 36 - y. List the prime factors of h.
2, 5
Let p be 24/6 + 0/2. Suppose -z = p*h - 6, 0*h + 24 = 2*z - 4*h. Suppose 0 = 5*t - z - 100. List the prime factors of t.
2, 11
Let s = 1 - -2. Suppose 0 = 2*j - 37 - 47. Suppose 3*k - j = -s*d, -k = -3*d - 6*k + 36. List the prime factors of d.
17
Let r = 26 + -13. Suppose -t - r = -37. What are the prime factors of t?
2, 3
Let b(f) = -2*f + 20. Let g be b(9). Let t be g/(-6)*1566/(-9). Let d = t + -16. What are the prime factors of d?
2, 3, 7
Let q(f) = 15*f**2 - 4*f - 6. What are the prime factors of q(3)?
3, 13
Suppose -5*c + 4 + 11 = 0. Suppose c*r - 71 = -3*p - 5, 5*r = 3*p + 110. List the prime factors of r.
2, 11
Let a = -748 + 1183. List the prime factors of a.
3, 5, 29
Let c = 13 + -8. Suppose -v + 0*v + z = 0, 0 = -c*z + 15. Suppose -4*w + 51 - v = 0. What are the prime factors of w?
2, 3
Let f = 19 - 17. Let q be (1 +